 t(k) = k**3 + 1. Let j(w) = -3*w**3 - 14*w**2 + 8*w - 13. Let r(s) = -j(s) - 4*t(s). List the prime factors of r(13).
2, 37
Suppose 0 = 5*q - 3*m - 901, -5*m - 187 = -q - m. What are the prime factors of q?
179
Let i(p) = 2*p - 2. Let o be i(2). Let v be 7/14 + 7/o. Let g(u) = -u**3 + 9*u**2 - 8*u - 1. List the prime factors of g(v).
47
Suppose 0*q - 9*q = -2214. Suppose -2*g + 242 = -q. What are the prime factors of g?
2, 61
Let x(t) = 4*t**2 + 69*t - 91. List the prime factors of x(-26).
3, 7, 13
Let w be 18/(3/((-3)/(-2))). Suppose g + 4*g - 3*p = 9, 3*p = g - w. Suppose 5 = j - g*j. What are the prime factors of j?
5
Let f(j) = j**3 + 10*j**2 - 5*j + 14. Let n be f(-10). Let u = n + -35. Let x = -18 + u. What are the prime factors of x?
11
Suppose -3*z + 5*z = 6. What are the prime factors of (2 - (-4)/2) + z?
7
Let t(w) = 5*w**2 - 2*w + 1. Let b be t(1). Suppose 5*l - 34 - 118 = x, -2*x = 5*l - 161. Let u = l - b. List the prime factors of u.
3
Let c = 460 - -818. What are the prime factors of c?
2, 3, 71
What are the prime factors of 1568 - ((-5265)/1701 + (-2)/(-21))?
1571
Let j(a) = -6*a**3 + 184*a**2 - 18*a - 20. What are the prime factors of j(30)?
2, 5, 19
Suppose -141 = -3*n - 3*k, -4*n + 109 + 75 = 3*k. List the prime factors of n.
43
Let f be ((-360)/28)/(4/28). Suppose 2*d - 3*o - 8 = 0, -5*o = -2*o + 12. What are the prime factors of (396/f)/(d/5)?
11
Let s(y) be the first derivative of -4*y + 1/4*y**4 - 2/3*y**3 - 3 + 3/2*y**2. List the prime factors of s(3).
2, 7
Suppose -7*f + 3608 = 87. What are the prime factors of f?
503
Let k(u) = u**3 + 9*u**2 + 9. Suppose -2*r + 27 = 2*y - 9, 0 = -3*y + 5*r + 78. Let t = y - 30. What are the prime factors of k(t)?
3
Let h = 1214 - 830. What are the prime factors of h?
2, 3
Suppose 0*y - w + 383 = -y, 403 = -y - 3*w. What are the prime factors of 2/(2/3*(-12)/y)?
97
Let f(q) = 2*q**3 - 3*q**2 + 6*q - 14. List the prime factors of f(5).
191
Suppose 0 = -4*u + w - 16, 4*u + 5*w = 2*w. Let q(h) = 22*h**2 + 2*h + 4. What are the prime factors of q(u)?
2, 7
Suppose -5*s + 2*g = 118, -2*s - g - 4*g - 24 = 0. Let x = -19 - s. Suppose 0*k = x*k - 24. What are the prime factors of k?
2
Suppose -5287 = -9*j + 7214. List the prime factors of j.
3, 463
Let x be 14*-1*24/(-28). Suppose j + x = 4*j. Suppose -j*h + 109 = 29. What are the prime factors of h?
2, 5
Suppose -5*j = -9*j - 2*r + 2862, 2 = 2*r. List the prime factors of j.
5, 11, 13
Let q(x) be the second derivative of -x**5/20 - x**4/12 + x**3/3 + 37*x**2 + 3*x. List the prime factors of q(0).
2, 37
Suppose 0 = -5*t - 5 - 25. Let j(a) = 2*a + 13. Let o be j(t). Suppose -83 = -2*s + o. List the prime factors of s.
2, 3, 7
Suppose -81 = 2*a - 105. Let m be 1 - (-2 + -4 - -1). Let s = m + a. List the prime factors of s.
2, 3
Let o = -4941 - -7328. What are the prime factors of o?
7, 11, 31
What are the prime factors of 17*(1 + 1)*1/2?
17
Suppose 2*f - 9 = 5*l, 0 = -5*f - 4*l + 5*l + 11. Suppose 0 = -4*v + f*v + u + 56, 141 = 5*v - 3*u. What are the prime factors of v?
3
Suppose 0 = -6*i + 4*i + 82. What are the prime factors of i?
41
Suppose 2*d - 27 = -5*b, -2*b + d = -6*b + 21. Suppose 4*g - 2*g + 8 = 0, 4*g = b*y - 716. What are the prime factors of y?
2, 5, 7
Let c(o) = 2*o**2 + 11*o - 3. Let h be c(-5). Let u = 78 + h. List the prime factors of u.
2, 5, 7
Let y(j) = 4*j + 3. Let q be y(-1). Let t = 1 - 0. What are the prime factors of (q - (-4)/2) + t?
2
Let l be 4/((-4)/1)*-2. Suppose -3*n - 5*o - 148 = 0, l*n + 89 = o - 27. Let i = 89 + n. List the prime factors of i.
3, 11
Suppose -70*c = -69*c + 4. Let g(a) = -a + 8. What are the prime factors of g(c)?
2, 3
List the prime factors of ((-232)/16 + 14)/(3/(-22902)).
11, 347
Let k = 1230 + -629. List the prime factors of k.
601
Let y be (-2)/4*0/(-9). Suppose 3*w + 5*i - 8 = 24, y = 2*w + 4*i - 24. What are the prime factors of w?
2
Suppose 843*x - 6576 = 839*x. List the prime factors of x.
2, 3, 137
Let z(b) = -b**2 + 16*b - 15. Suppose 0 = -4*v + 3*d - 516, -2*v + 0*d + d = 256. Let j be (v/(-24))/((-9)/(-24)). List the prime factors of z(j).
13
Suppose 0 = h + 7*h - 2376. Let z = h + -144. List the prime factors of z.
3, 17
Let a = 31 - -23. Let f(b) = -7*b - 32. Let c be f(-5). Suppose 2*h = -l + a, h - 27 = -l + c*l. What are the prime factors of h?
3
Let c(p) = 2*p**2 + 24*p**3 - 3 + 3*p + 33*p**3 - 56*p**3 - 3*p**2. Suppose 5*l = 2*l + 6. What are the prime factors of c(l)?
7
Let r(u) = u**2 + 11*u - 1. Let z be r(-11). Let g be 0 - 10 - (z - 1). Let m(p) = -3*p - 3. What are the prime factors of m(g)?
3, 7
Suppose 4*i - 2276 = -5*g, 4*i + 3 = -1. List the prime factors of g.
2, 3, 19
What are the prime factors of 6/24 - 9895/(-20)?
3, 5, 11
What are the prime factors of (-5960)/(-15)*759/92?
2, 11, 149
Suppose -3*g + 3*o + 447 = 0, -249 - 359 = -4*g + o. Suppose h - 85 = -2*a, -3*a + 18 = -2*h + g. Suppose -21 + h = k. What are the prime factors of k?
2, 3
Suppose 0 = 8*i + 262 - 2206. What are the prime factors of i?
3
Let r = -5899 - -3204. Suppose 5*x - b - 2 - 14 = 0, 0 = x - 5*b + 16. List the prime factors of r/(-63) - x/(-18).
43
Let x(w) = 108*w - 136. What are the prime factors of x(4)?
2, 37
Let g = 864 + -521. What are the prime factors of g?
7
Suppose 0 = -4*c + 5*o + 7952 + 2829, 5*c + 2*o = 13468. What are the prime factors of c?
2, 3, 449
Let w(f) = -2 - 4*f - f + 2*f**2 - 6 + 12 + 6*f**3. List the prime factors of w(2).
2, 5
Suppose 0 = -124*d + 118*d + 11304. List the prime factors of d.
2, 3, 157
Suppose 15 = 15*t - 10*t. Suppose 1 = -t*s + 85. What are the prime factors of s?
2, 7
Let b = 29 + -20. Suppose -2*x + 252 = -b*x. What are the prime factors of x/4*(0 - 1)?
3
Let w(i) = 3*i**2. Let h be w(-1). Let m(r) = -9*r - 1. Let q(g) = -g + 1. Let c(s) = -m(s) - 3*q(s). What are the prime factors of c(h)?
2, 17
Let v be (-51)/(-9) - (-4)/(-6). Suppose z - 39 = 37. Suppose -o + v*o = z. What are the prime factors of o?
19
Let p(g) = 254*g + 1045. What are the prime factors of p(5)?
5, 463
Let m be ((-4)/(-6) - (-140)/15)/2. Suppose o + 502 = m*t, -t - t - o + 198 = 0. List the prime factors of t.
2, 5
Let f(w) = -10*w**3 - w - 6. Let t be f(-4). Suppose -5*h + 0*m + 2*m = -t, 4*h + 4*m - 516 = 0. Suppose h = 4*d - 56. List the prime factors of d.
2, 23
Suppose -8*x + 1672 = -2320. What are the prime factors of x?
499
Suppose -4*b - 5*d = -4 + 11, 2*d = -4*b + 2. Suppose 11 = b*m - 83. What are the prime factors of m?
47
Let q = 43 - 68. Let v = 0 - q. List the prime factors of v.
5
Let t = -582 + 4048. What are the prime factors of t?
2, 1733
Suppose -19 = 2*c - 5*l, -2*l - 2 + 0 = -4*c. Suppose -3*t = 5*v - 973, 0 = -3*v + c*t + 234 + 369. List the prime factors of v.
197
Let c(x) = 22*x**2 + 11*x + 5. Let j be c(5). Suppose 5*q - j = -5*h, -5*q + 150 = -3*h - 436. List the prime factors of q.
7, 17
Let k = 4879 - 3428. What are the prime factors of k?
1451
Let o(u) = -u**2 - 7*u + 4. Let z be o(-7). Suppose 2*x + 2*x - z = 0. List the prime factors of x - (-24)/(0 + 1).
5
Let y = 5 - -13. Let v be 145/2 + (-9)/y. Suppose -4*r + 0*r = -v. What are the prime factors of r?
2, 3
Suppose -11*z + 8*z + 261 = 0. Suppose 0 = -7*v + 18 + z. List the prime factors of v.
3, 5
Let c(x) = -10*x - 403. Let w be c(-40). Let f(b) = 3*b**2 + 2*b - 6. Let u(h) = 4*h**2 + 3*h - 7. Let d(y) = -6*f(y) + 5*u(y). List the prime factors of d(w).
2, 5
Let n(b) = -3*b**2 - 3*b - 2. Let i be n(-1). List the prime factors of 3 + i - 4 - -15.
2, 3
Suppose l + 2*l + 3 = 0, -70 = -a + 3*l. Let h = 21 + a. List the prime factors of h.
2, 11
Let g(z) = z**2 - z + 3. Let q be g(0). Suppose v = q*v - 100. What are the prime factors of v?
2, 5
Let y be ((-11)/4)/((-2)/40). Suppose t = -4*w + 16, 0*t - 5*w = -5*t + y. Let s = 13 + t. List the prime factors of s.
5
Let i be (-11)/(-4) - ((-95)/(-20) + -4). Suppose -3*u + 366 - 9 = -f, 0 = i*u + 4*f - 224. What are the prime factors of u?
2, 59
Suppose -3*j + 5*h + 0*h = -5, -5*h - 5 = 0. Let r be 0 - -1 - 3 - j. Let x = r + 41. What are the prime factors of x?
3, 13
List the prime factors of 1861 - (4 - -20*8/(-20)).
5, 373
List the prime factors of (4180/(-12))/((-24)/18 - -1).
5, 11, 19
Let t(d) = 144*d - 831. List the prime factors of t(17)